6?
False
Is 2029500 a multiple of 44?
True
Is 2 a factor of 60906?
True
Is 309 a factor of 4825653?
True
Is 80 a factor of 173598?
False
Is 378 a factor of 1954155?
False
Is 84429 a multiple of 53?
True
Does 137 divide 183196?
False
Does 119 divide 1529864?
True
Is 7 a factor of 854035?
True
Is 62012 a multiple of 4?
True
Is 23227001 a multiple of 10?
False
Is 767911 a multiple of 21?
False
Is 14 a factor of 1046122?
True
Does 7 divide 6353251?
False
Does 11 divide 2685210?
True
Does 632 divide 746071?
False
Is 178356 a multiple of 167?
True
Is 115 a factor of 5337725?
True
Is 23 a factor of 633029?
True
Is 3722005 a multiple of 15?
False
Is 1057332 a multiple of 12?
True
Is 62 a factor of 193502?
True
Is 29 a factor of 2713568?
False
Does 13 divide 718887?
True
Is 115 a factor of 900743?
False
Is 53 a factor of 75722?
False
Is 18368 a multiple of 4?
True
Is 572741 a multiple of 169?
True
Is 1178 a factor of 6797060?
True
Is 584401 a multiple of 7?
False
Is 4188568 a multiple of 288?
False
Is 35 a factor of 1577465?
False
Is 903 a factor of 7828745?
False
Does 11 divide 22330?
True
Does 134 divide 2207784?
True
Does 86 divide 235726?
True
Is 79 a factor of 2331728?
False
Is 10717921 a multiple of 148?
False
Is 8869825 a multiple of 37?
True
Is 787185 a multiple of 119?
True
Is 2000816 a multiple of 28?
False
Does 72 divide 65448?
True
Is 4 a factor of 125343?
False
Is 122 a factor of 141276?
True
Is 131 a factor of 165191?
True
Is 113 a factor of 1188195?
True
Is 244 a factor of 186534?
False
Does 15 divide 205586?
False
Is 142291 a multiple of 4?
False
Is 48 a factor of 15123024?
True
Is 135695 a multiple of 116?
False
Does 2 divide 954522?
True
Does 14 divide 472223?
False
Is 18 a factor of 98071?
False
Is 6 a factor of 4608?
True
Is 1631778 a multiple of 283?
True
Is 38 a factor of 242326?
True
Does 6 divide 91866?
True
Is 12 a factor of 3443273?
False
Does 39 divide 41170?
False
Is 1517106 a multiple of 118?
False
Does 374 divide 127534?
True
Does 12 divide 13075532?
False
Does 427 divide 131516?
True
Does 144 divide 1114091?
False
Does 46 divide 1144705?
False
Does 8 divide 1374976?
True
Is 49 a factor of 500477?
False
Is 36 a factor of 50112?
True
Does 55 divide 399769?
False
Does 156 divide 241956?
True
Does 16 divide 256928?
True
Does 15 divide 334590?
True
Does 75 divide 13275?
True
Is 247 a factor of 11002368?
True
Is 29 a factor of 8809591?
True
Does 24 divide 42072?
True
Does 4 divide 5340?
True
Does 432 divide 462714?
False
Does 102 divide 4792776?
True
Is 257116 a multiple of 39?
False
Is 36 a factor of 952776?
True
Does 50 divide 1106250?
True
Is 64 a factor of 41350?
False
Is 1986788 a multiple of 508?
True
Is 1252030 a multiple of 130?
True
Is 13 a factor of 32630?
True
Does 13 divide 381757?
False
Does 24 divide 5798040?
True
Does 335 divide 81070?
True
Does 42 divide 452340?
True
Is 8323029 a multiple of 957?
True
Is 64030 a multiple of 10?
True
Is 68 a factor of 675620?
False
Is 75856 a multiple of 431?
True
Does 142 divide 17666646?
True
Is 1939806 a multiple of 291?
True
Is 25 a factor of 1320494?
False
Does 24 divide 8781018?
False
Is 46732 a multiple of 38?
False
Is 14 a factor of 13034?
True
Is 53 a factor of 334524?
False
Is 1266606 a multiple of 727?
False
Is 848805 a multiple of 213?
True
Is 41 a factor of 581790?
True
Is 319 a factor of 583276?
False
Is 462 a factor of 2676828?
True
Is 33 a factor of 85021?
False
Is 1584129 a multiple of 143?
False
Is 7 a factor of 139717?
False
Does 137 divide 979770?
False
Is 37 a factor of 319272?
False
Is 407042 a multiple of 271?
True
Is 9454720 a multiple of 136?
True
Is 13 a factor of 116730?
False
Is 89 a factor of 2219536?
False
Is 107 a factor of 349569?
True
Is 45096 even?
True
Does 68 divide 933368?
True
Is 44 a factor of 2132680?
True
Is 54 a factor of 442314?
True
Is 570 a factor of 6112680?
True
Is 33 a factor of 188789?
False
Does 40 divide 53180?
False
Does 95 divide 2071266?
False
Is 202108 a multiple of 47?
False
Is 54800 a multiple of 20?
True
Is 35 a factor of 420?
True
Is 6 a factor of 1841670?
True
Is 1066794 a multiple of 174?
True
Is 8 a factor of 3631324?
False
Is 85 a factor of 1045350?
False
Is 609518 a multiple of 91?
True
Does 10 divide 2801806?
False
Is 409 a factor of 2922425?
False
Is 102612 a multiple of 5?
False
Is 3 a factor of 662?
False
Is 10 a factor of 51040?
True
Is 133 a factor of 4188303?
True
Is 265 a factor of 7453082?
False
Is 74647 a multiple of 4?
False
Is 153075 a multiple of 471?
True
Does 582 divide 421950?
True
Is 13 a factor of 337532?
True
Does 22 divide 52580?
True
Is 6498680 a multiple of 296?
True
Is 15988 a multiple of 18?
False
Is 329477 a multiple of 328?
False
Is 135072 a multiple of 50?
False
Is 30 a factor of 11010?
True
Is 3264706 a multiple of 457?
False
Is 143 a factor of 826104?
False
Is 31 a factor of 15252?
True
Is 550549 a multiple of 907?
True
Is 405872 a multiple of 58?
False
Is 3649907 a multiple of 5?
False
Is 24 a factor of 4341408?
True
Is 472976 a multiple of 1648?
True
Does 3 divide 11080?
False
Does 151 divide 843884?
False
Does 7 divide 184996?
True
Is 34 a factor of 5445610?
True
Is 266 a factor of 75170?
False
Is 128 a factor of 1479552?
True
Does 9 divide 104687?
False
Is 1026329 a multiple of 4?
False
Does 32 divide 1933674?
False
Does 97 divide 344985?
False
Is 107 a factor of 145092?
True
Is 21610 a multiple of 20?
False
Is 15 a factor of 666793?
False
Is 32 a factor of 212394?
False
Is 29 a factor of 58678?
False
Does 658 divide 799117?
False
Is 24 a factor of 18041483?
False
Is 559610 a multiple of 10?
True
Is 7 a factor of 26691?
True
Is 18 a factor of 364158?
True
Is 29 a factor of 630025?
True
Is 426997 a multiple of 47?
False
Is 4228408 a multiple of 104?
False
Is 11092016 a multiple of 26?
True
Is 20 a factor of 396680?
True
Does 142 divide 155668?
False
Does 16 divide 515174?
False
Is 270 a factor of 332370?
True
Does 18 divide 723373?
False
Is 22 a factor of 199870?
True
Does 5 divide 3409691?
False
Is 78628 a multiple of 85?
False
Does 51 divide 1048866?
True
Does 8 divide 792304?
True
Is 305900 a multiple of 127?
False
Is 6 a factor of 176900?
False
Is 33 a factor of 2966238?
True
Is 709544 a multiple of 11?
True
Is 3449404 a multiple of 196?
True
Is 210394 a multiple of 254?
False
Is 55 a factor of 93779?
False
Is 858010 a multiple of 21?
False
Does 19 divide 761425?
True
Is 113 a factor of 243282?
False
Is 97888 a multiple of 608?
True
Is 1197820 a multiple of 260?
True
Does 27 divide 116307?
False
Is 3528265 a multiple of 221?
True
Is 381255 a multiple of 16?
False
Is 342084 a multiple of 29?
True
Is 86 a factor of 51008?
False
Is 54596 a multiple of 23?
False
Is 2 a factor of 374573?
False
Does 58 divide 26801593?
False
Does 46 divide 652510?
True
Does 2 divide 246977?
False
Is 99178 a multiple of 34?
True
Is 28304 a multiple of 8?
True
Does 93 divide 426521?
False
Is 13748490 a multiple of 21?
True
Is 5322394 a multiple of 14?
True
Is 159 a factor of 531369?
False
Is 139259 a multiple of 12?
False
Is 1657305 a multiple of 39?
True
Is 1746826 a multiple of 58?
False
Is 14 a factor of 1796753?
False
Is 126759 a multiple of 87?
True
Is 43 a factor of 1120064?
True
Is 1028 a factor of 2742704?
True
Is 1650019 a multiple of 2?
False
Is 5471840 a multiple of 160?
True
Does 543 divide 13322216?
False
Is 179844 a multiple of 42?
True
Does 203 divide 1617050?
False
Does 8 divide 1184080?
True
Is 34929796 a multiple of 90?
False
Is 1199 a factor of 21830812?
False
Is 185002 a multiple of 7?
False
Does 17 divide 257395?
False
Does 31 divide 92721?
True
Is 16 a factor of 133521?
False
Is 47 a factor of 2798521?
True
Does 383 divide 9344434?
True
Does 5 divide 55511?
False
Does 5 divide 110824?
False
Does 3 divide 178535?
False
Does 6 divide 60072?
True
Is 622120 a multiple of 379?
False
Is 2153548 a multiple of 74?
True
Is 53130 a multiple of 33?
True
Does 327 divide 190314?
True
Does 72 divide 1251432?
True
Is 8 a factor of 88488?
True
Does 32 divide 28512?
True
Is 10 a factor of 3397438?
False
Does 12 divide 1867255?
False
Is 1077864 a multiple of 463?
True
Is 13 a factor of 213005?
True
Is 1530385 a multiple of 1428?
False
Does 732 divide 1017480?
True
Is 14 a factor of 430990?
True
Is